me factors of p?
2
Suppose 5*c + 5 = 4*p, 0*p + 2 = -4*p - 2*c. Suppose -7*y + 3*y + 64 = p. List the prime factors of y.
2
Let i(h) = -2*h - 2. Suppose 0 = -4*n + 2*n - 6. Let y be 1*9/(n*1). List the prime factors of i(y).
2
Suppose -6*k + 60 = -2*k. Suppose 0 - k = -p. Suppose -m + 3*m + c - p = 0, -2*m - 2*c = -14. What are the prime factors of m?
2
Let d(l) = -13*l + 1. Let q be d(1). Let f = q + 24. List the prime factors of f.
2, 3
Let y = 14 - 10. Suppose y*p - 30 = 82. List the prime factors of p.
2, 7
Suppose 8*z - 148 = 4*z. What are the prime factors of z?
37
Let t(h) = -4*h. Let p be t(-5). Suppose 6*b = 2*b + p. Let v = 10 - b. What are the prime factors of v?
5
Let p(s) = s**3 + 8*s**2 + 5*s + 7. Let k(f) = f**2 - 4*f - 3. Let u be k(7). Suppose 0 = 4*h - u + 46. List the prime factors of p(h).
3, 7
Suppose 15*q - 16*q = -38. What are the prime factors of q?
2, 19
Let i(j) = 2*j**2 - 4*j + 4. Let d(q) = 3*q**2 - 7*q + 8. Let w(b) = -3*d(b) + 5*i(b). List the prime factors of w(3).
2
Suppose c - p + 76 = 0, 2*c + 164 = -4*p + 3*p. Let j = -38 - c. What are the prime factors of j?
2, 3, 7
Let n = -24 + -12. What are the prime factors of (15/12)/((-3)/n)?
3, 5
Let a be -2 - 2*(-2 + 0). Suppose -2*z - 84 = -a*w, 5*w + z - 195 = 3*z. What are the prime factors of w?
37
Suppose 3*j = 4*h - 82 + 2, j + 52 = -5*h. Let g = j + 48. Suppose -r + g = r. List the prime factors of r.
2
Let b = 91 - 133. Let y = b + 26. Let j = y - -29. What are the prime factors of j?
13
Let j(m) be the first derivative of -3*m + 2*m**2 + 4*m - 8 - 2*m + 4. What are the prime factors of j(6)?
23
List the prime factors of ((-258)/(-9))/(2/3).
43
Let l(s) = s**3 + 11*s**2 - s - 6. Let c be l(-11). Let p(g) be the first derivative of g**2 + 2*g + 1. What are the prime factors of p(c)?
2, 3
Let m(y) = y**3 + 6*y**2 - 2. Let i be m(-6). Let o(a) be the third derivative of -a**4/8 - a**3/3 + 14*a**2. List the prime factors of o(i).
2
Suppose 366 + 198 = 3*g. What are the prime factors of g?
2, 47
Let y be 28/5 - 2/(-5). Suppose 67 = 4*u - 9. Suppose -k + 15 = g, 3*g - k = u + y. What are the prime factors of g?
2, 5
Let c(b) be the third derivative of b**7/5040 + b**6/120 + b**5/60 - b**2. Let w(z) be the third derivative of c(z). List the prime factors of w(6).
2, 3
Let l = -6 - -9. List the prime factors of l + (-1)/2*-8.
7
Let q be 13/((-3 + 0)/3). Let k = -18 - q. Let j = k + 13. What are the prime factors of j?
2
Suppose -5*s - 2 = 8. Let k(n) = -n**3 - 3*n**2 + 4*n. Let p be k(-4). List the prime factors of (-26)/((p - -1)*s).
13
Suppose h + 5*h - 762 = 0. What are the prime factors of h?
127
Suppose -s + 1 = p, -s - 3 = -4*s. List the prime factors of (-44)/8*-2 + p.
11
Let k(w) = w**3 + 5*w**2 - w - 3. Let x be (-1 + -2)*(-3 + 5). Let c = -11 - x. What are the prime factors of k(c)?
2
Suppose -t + 549 = 2*t. What are the prime factors of t?
3, 61
Let w(d) = -d**3 - 7*d**2 + 2*d - 4. List the prime factors of w(-8).
2, 11
Suppose -4*i + 145 = -19. List the prime factors of i.
41
Suppose 6*n = 4*n - 2. Let b be (-2 + (1 - 1))*n. Suppose 3 = x - b. List the prime factors of x.
5
Let n(q) = 4*q**2 + 12. List the prime factors of n(7).
2, 13
Let n be (-9)/(-12) + 1474/8. Suppose -4*h = 2*x + 49 - n, -3*h = 5*x - 116. List the prime factors of h.
2
Let s = 13 - 8. Suppose f - s*f = -44. List the prime factors of f.
11
Let h = -1 - -8. Let w(y) = y**3 + 12*y**2 + 10*y + 14. Let i be w(-11). Suppose 4*k - 3*m = i, -k + h = -m - 0*m. What are the prime factors of k?
2
Let d(q) = -q**3 - 4*q**2 + 6*q + 5. Let v be d(-5). Let p = v + 0. Suppose 21 = -p*j + 3*j. List the prime factors of j.
7
Let z(w) = w**3 - 3*w**2 + 3*w. What are the prime factors of z(2)?
2
Let l(p) = -p**3 - 4*p**2 - 6*p - 7. List the prime factors of l(-3).
2
Let w = 126 - 83. What are the prime factors of w?
43
Suppose -n = -5*l - 113, -8*n = -4*n + 4*l - 500. List the prime factors of n.
3, 41
Let n(l) = -2*l - 6. Let d(g) be the second derivative of g**5/20 - 2*g**4/3 + g**3 + g**2 - g. Let v be d(7). List the prime factors of n(v).
2
Let x = 63 + -35. Suppose -6*q + x = -2*q. What are the prime factors of q?
7
Let t = 76 - 24. What are the prime factors of t?
2, 13
Let s(x) = -2*x - 2. Let j be s(-3). Suppose -3*a + a - 8 = p, -4*a - 20 = j*p. What are the prime factors of 4/4 + (1 - a)?
5
Let d(n) = 4*n**2 + 8*n - 2. What are the prime factors of d(-4)?
2, 3, 5
Suppose z - 2*z = -2. List the prime factors of z.
2
Let p be 27/(4/16*6). Suppose -6*h = -7*h + p. List the prime factors of h.
2, 3
Suppose -3*v + 4*v - 50 = 0. What are the prime factors of v?
2, 5
Let t(s) = -s**2 - 6*s - 3. Suppose w + 8 = -w. Let a be t(w). List the prime factors of (-2)/(-5) + 58/a.
2, 3
Let h(g) = 147*g + 6. Let n be h(6). List the prime factors of (1/(-3))/((-8)/n).
37
Let i = 5 + -2. Suppose 5*t - 3*d = 18, 2*t - 3 - 21 = -i*d. What are the prime factors of t?
2, 3
Suppose -37 = -3*v - 10. What are the prime factors of v?
3
Suppose -3*k + 6 = -24. Let o = k - -3. What are the prime factors of o?
13
Let b(g) = -g**3 + 7*g**2 - 6*g + 2. What are the prime factors of b(5)?
2, 11
Suppose p - 11 = -5. Let i be (-2)/(-1)*2/(-4). List the prime factors of i/3 - (-74)/p.
2, 3
Suppose -4*k + 0*k - 64 = 0. Let h be (-6)/(-18) + (-93)/9. Let j = h - k. What are the prime factors of j?
2, 3
Let m(z) = 13 - 8*z**3 + 7*z**3 - 12*z + z + 11*z**2. Let t = 16 - 6. What are the prime factors of m(t)?
3
Let x be (-17)/(-5) + 6/(-15). Suppose x*y + 2*y = 185. What are the prime factors of y?
37
Let l(g) = -g**2 - g + 3. Let s be l(3). Let w = s - -18. Suppose 4*k - k - w = 0. What are the prime factors of k?
3
Let p(w) = 2*w**2 - 8*w - 31. List the prime factors of p(-6).
89
Suppose -5*z = 4*b - 466, -b + 49 = -z - 63. What are the prime factors of b?
2, 3, 19
Let i be (-1)/((-3)/(-4) - 1). Let w be -1*2 + 116/i. What are the prime factors of (-3)/4 + w/4?
2, 3
Suppose -4*b = -13 + 1. Let y = b + 24. List the prime factors of y.
3
Let k(j) = 9 - 2 - 7 + 2*j + 6*j**2. Let a be k(3). Suppose -5*v - 5 + 30 = 0, 5*o - v = a. List the prime factors of o.
13
Suppose -5*b + 128 = 3*j - 4*b, -4*j + 3*b = -188. What are the prime factors of j?
2, 11
Let l = 2 + -4. Let j = l - -8. What are the prime factors of j?
2, 3
Let k = -7 - -8. Suppose 5*u + k = 31. What are the prime factors of u?
2, 3
Let v(l) = 2*l**3 + l - 13 + 2*l - 4*l**2 + 14. What are the prime factors of v(3)?
2, 7
Suppose -x + 2 = -0*n - n, -2*n = 2*x. Let b be (-357)/(-15) + n/(-5). Suppose -2*g = 2*g - b. What are the prime factors of g?
2, 3
Let f be -64 - 1 - (2 + -1). List the prime factors of 4/14 - f/14.
5
Suppose 3*h - 5*b - 342 = -3*b, 2*h + 2*b = 238. What are the prime factors of h?
2, 29
Let z(c) = 8*c - 5. What are the prime factors of z(5)?
5, 7
Suppose -2*f - 12 = -0*f. Let v = f + 11. Suppose -v*z + 0*z = -45. What are the prime factors of z?
3
Let y(z) = -z**2 - 24*z + 54. List the prime factors of y(-23).
7, 11
Let l(m) = m - 1. Let n(o) = 2*o**2 - o + 4. Let s(a) = 2*l(a) + n(a). Let i(j) = -j**3 + 4*j**2 + 2. Let r be i(4). What are the prime factors of s(r)?
2, 3
Let j(s) = -s**3 + 7*s**2 + 8*s - 12. Let g be j(8). Let q = -5 - g. List the prime factors of q.
7
Suppose 5 = 3*p - 103. What are the prime factors of 1/(-2)*(8 - p)?
2, 7
Suppose t = -3*q + 106, 189 = 3*q - 5*t + 53. List the prime factors of q.
37
Let j(q) be the third derivative of -1/24*q**4 + 0*q + 13/6*q**3 + 4*q**2 + 0. List the prime factors of j(7).
2, 3
Let q(c) be the first derivative of 10*c**3 + c**2/2 + 1. List the prime factors of q(1).
31
Let h = -54 - -147. What are the prime factors of h?
3, 31
List the prime factors of 752/20 + (-4)/(-10).
2, 19
Let u = -272 + 428. What are the prime factors of u?
2, 3, 13
Let n be -3*(-1 + 0) + -1. Suppose 9*t = -a + 4*t + 23, 1 = n*a - 5*t. What are the prime factors of a?
2
Suppose 0 = 2*n + 4*l - 5*l - 179, l = 5. What are the prime factors of n?
2, 23
Let x(y) = -y**3 + 7*y**2 - 5*y - 2. Let s be x(6). Let l be 30/5*(-4)/(-3). Suppose -48 - l = -s*o. What are the prime factors of o?
2, 7
Suppose 6*c - 3*c + 19 = 2*s, -32 = 4*c - 4*s. List the prime factors of ((-34)/8)/(c/12).
17
Suppose -2*r + r = -s + 17, 3*r = -3. Suppose -